valuate -70 - -73 - (9 + -2).
-4
-4 + -4 + (6 - 1)
-3
Evaluate (2 - 7) + 2 - 1.
-4
What is the value of (3 - (0 - -2)) + (9 - 7)?
3
-1 + -4 - (-4 - 0)
-1
Evaluate (-6 - -3) + (-2 - -8).
3
What is the value of 3 + (-8 - -1 - -2)?
-2
(5 + 8 - 4) + -6 - -1
4
What is the value of (-5 - -8) + -2 + -4 + 2?
-1
Evaluate -4 + (-8 - -2) + 5.
-5
Evaluate 2 - 0 - (3 + (1 - 1)).
-1
Evaluate 0 + -2 + (1 - 0).
-1
-1 + -1 + (-1 - -1)
-2
4 - (2 - 2) - -1
5
Evaluate -7 - -7 - (23 + -16).
-7
What is the value of (377 - 388) + (7 + 0 - 1)?
-5
Calculate 7 + 3 + -5 - 1.
4
-2 + (1 - 2) - (3 + -1)
-5
What is -1 - -5 - (-1 + 3)?
2
Calculate (4 - -1) + -4 + 2 + -7.
-4
-4 + -1 + -1 + 2
-4
-16 + 1 + 8 + -2 + 8
-1
-5 - -9 - (-2 + -2)
8
Evaluate 1 - 3 - -4 - 4.
-2
Calculate -7 - (12 + -11 + -1).
-7
-2 + 9 + -3 + 4
8
Calculate (-3 - (-3 + 1)) + (-12 - -16).
3
(1 - -7) + 0 + (-3 - 1)
4
-7 + 4 + 4 - (-1 - 2)
4
What is the value of 1 - (-2 + 4 - 0)?
-1
Evaluate -6 + (5 - 2) - 0.
-3
Evaluate 0 + -5 + 9 + -9.
-5
Calculate -4 - (-2 + 3 + -2).
-3
Evaluate (5 - (7 + -5)) + -1 + -3.
-1
What is the value of -7 - -2 - (-9 - (10 - 8))?
6
What is -178 + 185 + 0 + -1 + -4?
2
What is the value of (-4 - -1) + (13 - 9)?
1
What is the value of 2 + (-2 + 1 - -6) - 2?
5
What is (-1 + -1 - -3) + (-5 - -1)?
-3
Evaluate 2 + 1 + 2 + (-1 - -1).
5
Evaluate 2 + (6 - 5) + -2.
1
What is the value of -9 + 5 + 14 - 17?
-7
Calculate 6 - (-13 + 26) - (-6 - -1).
-2
What is the value of 7 + 4 + (-5 - 11)?
-5
(3 - 0) + (7 - 0) - 5
5
Evaluate -12 - -10 - (-7 + 1).
4
What is the value of (4 - 3) + 5 + -6?
0
What is -4 + -2 + 3 + 4 + 1?
2
What is the value of (4 - 3 - -1) + -7?
-5
Calculate (-18 - -19) + -1 + 1 + -4.
-3
What is the value of (-12 - -7) + 16 + -3?
8
What is (6 - (-2 - -1)) + (-61 - -61)?
7
What is the value of (-2 - -5 - 3) + 10 + -4?
6
-1 + 2 + -5 - (1 - 10)
5
What is the value of -6 + (-2 - -8) - 0?
0
Calculate -5 - -2 - (2 - 0).
-5
0 - (1 - -1 - 5)
3
3 + -4 + 9 + -4 + -1
3
What is the value of (0 - -1) + 3 - (7 - 1)?
-2
Evaluate -6 + 15 - 0 - 9.
0
-3 + (2 + -1 - -7)
5
Evaluate 9 + (-7 - 1 - 6).
-5
Calculate -3 + (1 - -11) + -9.
0
What is -3 + (-6 - -12) + (3 - 2)?
4
What is the value of (4 - -2) + (-2 - -2) + -3?
3
What is the value of 1 + -3 + 4 + -9?
-7
Evaluate -5 - (-7 - 7) - 3.
6
Evaluate -5 + -2 + 6 + 0.
-1
3 + (4 - 4) + -3
0
-3 - -2 - 2 - -4
1
(0 - 6) + 9 - 1
2
-8 - (-6 + 3 + (1 - 1))
-5
3 + -4 - (3 - (-2 - -5))
-1
Calculate -32 - -26 - (-1 - (-3 + 1)).
-7
Calculate -3 + -1 - (5 + -4 + 0).
-5
Calculate 1 + 4 + 2 + (-11 - -5).
1
What is the value of 1 - ((-1 + 2 - 6) + 6)?
0
What is the value of (-31 - -38) + -4 + -1?
2
Evaluate 27 + -32 + 1 + 2 + 11.
9
(2 - 5 - (-9 - -6)) + 4
4
Calculate (-3 - 7) + 6 + -3.
-7
Calculate -18 + 12 - -12 - 13.
-7
What is the value of (1 - -3) + -3 + -5 + 3?
-1
What is the value of 4 + 0 - (7 + -1)?
-2
Evaluate 102 + -101 - (-4 + 1).
4
What is the value of 6 - (1 + (24 - 7) + -5)?
-7
What is the value of 2 + -2 + -1 + 0 + 0?
-1
Evaluate 7 + -1 - (16 - (15 - -5)).
10
What is 9 + -5 + (2 - 4) + 3?
5
What is the value of (-141 - -140) + (-1 - -3)?
1
What is the value of -3 + -1 + (4 - -8) + -5?
3
Calculate -1 + -3 + 3 + (3 - 2).
0
Calculate 5 - -2 - 11 - 1.
-5
Evaluate -6 - (2 - 6 - -4 - 1).
-5
Evaluate (-12 - -20) + -9 + -3.
-4
-6 - (1 - 0 - (2 + 0))
-5
Evaluate (-5 - (3 + -4) - -3) + -3.
-4
What is the value of 0 - (2 + 1 - (-11 - -16))?
2
-13 + 17 - (1 + -2 + 0)
5
Calculate 0 + -3 + 2 + -5 + 2.
-4
Calculate 3 + (-2 - -1) + -1 + 3.
4
Calculate 1 - (3 + -5 + (0 - -1)).
2
What is -3 + 2 + 1 - (-2 - -4)?
-2
What is (7 - 1) + (-68 - -66)?
4
Calculate 0 + -4 - (15 + -19 + -1).
1
84 + -96 - (1 - 3)
-10
What is the value of -10 + 0 - ((12 - 23) + 8)?
-7
-3 + -3 - 5 - (-2 - 5)
-4
-2 + -3 - (-4 - (0 + 1))
0
Calculate -5 - -1 - (-2 + 3 + 3).
-8
Calculate -4 - ((-7 - 2) + 5).
0
Evaluate (2 - 1) + (3 - -1 - 7).
-2
What is the value of (-4 - -23) + -17 - (-3 + 1)?
4
-23 - -26 - (-4 - -1)
6
-13 + (4 - 4 - -5) + 4
-4
What is 13 - (5 + -7 + 3 + 3)?
9
-10 + 10 + 0 + 2
2
What is the value of (-4 - 1 - -2) + 2 + -1?
-2
Evaluate 1 - 0 - (-4 + 3).
2
What is 4 + (0 + 2 - 11)?
-5
Evaluate 1 - (8 + -5 + -2 + -1).
1
Evaluate -34 + 35 - (0 - 1).
2
What is the value of -7 + (6 - -2) - 7?
-6
Evaluate 14 - 12 - (0 - 2 - -6).
-2
Evaluate (-19 - -17 - (-2 + -3)) + 3.
6
What is -1 + (4 - (-2 + 5) - -5)?
5
Calculate -1 + -3 + 2 + 1.
-1
Calculate (5 - (-2 + -1)) + (-3 - -2).
7
What is the value of 8 + (-4 - (-1 + 1))?
4
What is the value of -2 + 3 + 2 + (2 - 4)?
1
What is 0 + ((-7 - -10) + 3 - 2)?
4
4 - -2 - (-2 + 6)
2
Calculate 5 + (7 + 0 - 14) + 1.
-1
Calculate 5 - (-3 + 8) - 6.
-6
Calculate (3 - 2 - -1) + 5 + -8.
-1
What is the value of -1 + (-3 + 2 - -5)?
3
Evaluate 0 - (-1 + 5) - -1.
-3
Calculate 13 - 9 - (1 + 0).
3
What is the value of 1 + -9 + -3 + 15?
4
What is the value of 1 + (3 - 6 - (-6 + 10))?
-6
What is the value of (-2 - (4 - -4)) + -1 + 6?
-5
1 + -6 + -2 + 3
-4
Calculate -6 + -1 - (3 - 3).
-7
What is the value of (-3 - (-3 + -5)) + -8?
-3
(5 - 4) + (7 - (-4 + 4))
8
Evaluate 14 + (1 - 11) + -10.
-6
3 + -2 + -3 + (1 - -2)
1
What is 1 - (11 + (0 - (1 - -3)))?
-6
(-6 - (-1 - 6)) + -1
0
Calculate (6 - 0) + (123 - 136).
-7
What is the value of 8 - (9 - 8 - -6)?
1
Calculate 14 - (5 - (-5 + 4)).
8
Evaluate 0 - (-4 + (0 - 1) + 5).
0
What is the value of 0 - 4 - (-13 - -9 - -1)?
-1
What is -6 + -5 + 5 + 3 - -7?
4
What is (-8 - (4 - 2)) + 32 + -27?
-5
What is the value of -7 - (-5 + -5 + 11)?
-8
What is the value of -4 + -5 + -2 - -4?
-7
What is the value of 8 - (2 - (-2 + -3))?
1
-6 + 2 - (-5 - (-7 + 2))
-4
What is the value of (7 - (0 - 0)) + -2?
5
What is -4 - (9 - 0 - 4 - 10)?
1
What is the value of -1 + 1 - ((2 - 2) + 2)?
-2
What is 10 + -13 + 8 + -11?
-6
Calculate 15 + (8 - 16) + (-3 - 0).
4
What is -7 - (3 + -1 + (1 - 5))?
-5
What is the value of 1 + -3 - (2 - (4 - -2))?
2
Evaluate 1 + (0 - -5 - 4).
2
Evaluate -1 + -8 - (14 + -20).
-3
What is 36 + -30 + (-3 - (1 - 2))?
4
What is the value of 3 + 1 - (9 + -1)?
-4
What is -13 - (4 + 3 - 17)?
-3
Calculate (4 - 0 - 6) + (-1 - -2).
-1
Evaluate 1 + -8 + 0 - -2.
-5
Calculate (40 - 41) + -1 + 1 - 0.
-1
Evaluate -1 - (5 + (2 - 7) - 4).
3
-1 + 4 + (-9 - -4)
-2
Calculate -3 + (0 - -15) + -5.
7
Evaluate 1 - 1 - -2 - (1 + 0).
1
Calculate -2 - -3 - (47 + -40).
-6
Calculate -4 + 0 + 2 + 6.
4
What is (0 - 0) + -4 - -2?
-2
0 + (-9 - -15) + -4
2
What is (2 - 6) + (0 - 1)?
-5
Evaluate 0 - (12 + -5) - -4 - -1.
-2
(3 - 8 - -4) + 2
1
Evaluate 4 + -3 + (3 - 3) - -1.
2
(-3 - -2) + -3 + -5 + 4
-5
Evaluate 2 + -8 + 3 - (-4 + 0).
1
What is the value of (11 + -10 - -5) + -3?
3
-1 + -3 - (1 + 0 + -5)
0
What is 2 - 1 - (-35 - -37)?
-1
Evaluate -19 + 16 - (0 + -1).
-2
2 + (-4 - (-5 - -3))
0
What is -1 + (-8 - (-2 + -2 + -9))?
4
Evaluate 15 - 16 - (1 + -6).
4
Evaluate -8 - (-8 - (7 - 6)) - -3.
4
(-1 - 4) + (8 - -2 - 1)
4
Calculate (6 - 18) + 10 + (-1 - -6).
3
Evaluate -7 + 9 - (-3 + 0).
5
-4 + 3 + 1 + (-5 - -9)
4
(13 - 3 - 8) + -7 - -16
11
Evaluate (1 - 5) + 1 - (-6 + 4).
-1
(-9 + 8 - -1) + (0 - -7)
7
Calculate (-3 + 4 - -3) + -3.
1
Evaluate (-6 - -4) + (-22 - -26).
2
What is the value of 3 - 7 - (2 + 0 + -2)?
-4
0 + -3 + 8 + -2 + -8
-5
Evaluate -3 + -2 - (-2 + 2).
-5
What is -4 - (-6 + 4) - 2?
-4
(-17 - 3) + 14 - (-1 + -5)
0
(-9 - -2 - -3) + 0
-4
What is 4 + (-3 - (-2 + 2) - 2)?
-1
What is the value of -2 - (-3 + 2 + -6)?
5
What is the value of -1 + -1 + -2 - -6?
2
-1 - (4 + -2 + -1 + -2)
0
(-1 - 8) + (-7 - -11)
-5
Evaluate -5 - (-6 - -8) - (-3 - 2).
-2
2 + (2 - 7 - 0) - 2
-5
Calculate 17 + -8 + (3 - 7) + 0.
5
What is the value of -4 - 5 - (-19 + 12)?
-2
What is the value of -8 - (5 - (9 - -2))?
-2
Evaluate (-3 - (-8 - -6)) + 5 + -1.
3
7 - (1 - -4) - (1 - 0)
1
Calculate (-11 - -3) + -6 + 5 - -6.
-3
-3 + 2 - -7 - (9 + -7)
4
What is (-1 - 3 - (3 + -6)) + 4?
3
Evaluate 6 + -5 - ((1 - 1) + -2).
3
Evaluate 10 + (-3 - (6 - (3 - -1))).
5
What is -1 + -1 - (13 + 15 + -35)?
5
What is -2 + 4 + 1 + 9 + -10?
2
What is 6 - 2 - -1 - -1?
6
Evaluate (5 - (3 - 5) - 3) + -3.
1
-4 - (-2 - (3 + (-1 - 1)))
-1
What is (-4 - -1) + 6 + -10 + 14?
7
Evaluate 16 + -10 + 4 + (0 - 4).
6
What is -1 + (-11 - -2) + 5 + 6?
1
(-2 - 1) + (14 + -17 - -10)
4
Calculate (9 - (-4 - -7)) + 4 + -3.